16391156?
2, 47, 87187
What are the prime factors of 586729?
11, 13, 373
What are the prime factors of 6107984?
2, 381749
What are the prime factors of 9296403?
3, 3098801
What are the prime factors of 261922?
2, 173, 757
What are the prime factors of 823450?
2, 5, 43, 383
What are the prime factors of 54897?
3, 29, 631
What are the prime factors of 3245300?
2, 5, 17, 23, 83
What are the prime factors of 717810?
2, 3, 5, 71, 337
What are the prime factors of 996139?
587, 1697
List the prime factors of 326623.
11, 23, 1291
What are the prime factors of 2237806?
2, 43, 26021
What are the prime factors of 154988?
2, 38747
List the prime factors of 5800729.
11, 349, 1511
List the prime factors of 3724408.
2, 465551
What are the prime factors of 6993425?
5, 19, 14723
What are the prime factors of 53205?
3, 5, 3547
What are the prime factors of 9159654?
2, 3, 7, 218087
What are the prime factors of 776795?
5, 43, 3613
What are the prime factors of 8611262?
2, 11, 509, 769
What are the prime factors of 1247147?
11, 937
List the prime factors of 2279262.
2, 3, 379877
List the prime factors of 3071.
37, 83
List the prime factors of 334951.
17, 19, 61
What are the prime factors of 4041266?
2, 29, 69677
List the prime factors of 31601463.
3, 10533821
What are the prime factors of 103106?
2, 31, 1663
What are the prime factors of 24294134?
2, 12147067
What are the prime factors of 583180?
2, 5, 13, 2243
List the prime factors of 3329641.
7, 23, 20681
What are the prime factors of 2470478?
2, 1235239
What are the prime factors of 13052793?
3, 13, 47, 7121
What are the prime factors of 620017?
43, 14419
What are the prime factors of 1173072?
2, 3, 24439
What are the prime factors of 1890788?
2, 472697
List the prime factors of 13754.
2, 13, 23
List the prime factors of 2582.
2, 1291
What are the prime factors of 69640?
2, 5, 1741
What are the prime factors of 882750?
2, 3, 5, 11, 107
List the prime factors of 674871.
3, 227, 991
What are the prime factors of 259845?
3, 5, 17, 1019
What are the prime factors of 4328036?
2, 43, 25163
What are the prime factors of 2012512?
2, 61, 1031
List the prime factors of 1005844.
2, 7, 35923
List the prime factors of 4164301.
139, 29959
List the prime factors of 319129.
319129
List the prime factors of 444767.
444767
What are the prime factors of 1023008?
2, 7, 4567
What are the prime factors of 260591?
37, 7043
What are the prime factors of 2817961?
613, 4597
List the prime factors of 11882322.
2, 3, 293, 751
List the prime factors of 14360.
2, 5, 359
What are the prime factors of 4126938?
2, 3, 687823
List the prime factors of 354425.
5, 14177
What are the prime factors of 456160?
2, 5, 2851
List the prime factors of 1132098.
2, 3, 11, 17, 1009
List the prime factors of 242952.
2, 3, 53, 191
What are the prime factors of 4750844?
2, 7, 24239
What are the prime factors of 5578271?
727, 7673
List the prime factors of 226161.
3, 13, 1933
What are the prime factors of 991113?
3, 101, 3271
List the prime factors of 1138195.
5, 19, 11981
What are the prime factors of 21660?
2, 3, 5, 19
What are the prime factors of 700236?
2, 3, 53, 367
What are the prime factors of 1846793?
13, 142061
What are the prime factors of 531059?
59, 9001
What are the prime factors of 216093?
3, 72031
What are the prime factors of 8493702?
2, 3, 7, 202231
List the prime factors of 13743619.
419, 32801
What are the prime factors of 32333865?
3, 5, 67, 32173
What are the prime factors of 1050023?
13, 37, 59
What are the prime factors of 492613?
11, 19, 2357
What are the prime factors of 787629?
3, 262543
What are the prime factors of 14494166?
2, 17, 109, 3911
What are the prime factors of 6073889?
6073889
List the prime factors of 10309941.
3, 181, 6329
List the prime factors of 8935953.
3, 13, 229127
What are the prime factors of 1120992?
2, 3, 11677
List the prime factors of 1331199.
3, 211, 701
What are the prime factors of 2080061?
601, 3461
What are the prime factors of 19369701?
3, 13, 165553
List the prime factors of 28393326.
2, 3, 13, 71, 1709
List the prime factors of 190309.
7, 31, 877
What are the prime factors of 165229?
165229
List the prime factors of 1512143.
53, 103, 277
What are the prime factors of 3332930?
2, 5, 23, 43, 337
List the prime factors of 5583167.
29, 79, 2437
What are the prime factors of 71331?
3, 13, 31, 59
What are the prime factors of 834036?
2, 3, 7, 9929
What are the prime factors of 9319?
9319
List the prime factors of 2074350.
2, 3, 5, 13829
List the prime factors of 1723891.
13, 132607
What are the prime factors of 5069292?
2, 3, 23, 18367
What are the prime factors of 127636?
2, 17, 1877
What are the prime factors of 2043050?
2, 5, 29, 1409
List the prime factors of 2028843.
3, 225427
What are the prime factors of 614441?
19, 73, 443
What are the prime factors of 3254832?
2, 3, 7, 3229
What are the prime factors of 2488920?
2, 3, 5, 7, 2963
List the prime factors of 592938.
2, 3, 32941
What are the prime factors of 6160100?
2, 5, 229, 269
List the prime factors of 118665.
3, 5, 293
What are the prime factors of 5820526?
2, 683, 4261
What are the prime factors of 137762?
2, 68881
What are the prime factors of 2881826?
2, 1440913
What are the prime factors of 36279875?
5, 41, 7079
List the prime factors of 18010026.
2, 3, 107, 1039
List the prime factors of 1624189.
7, 37, 6271
What are the prime factors of 895522?
2, 41, 67, 163
What are the prime factors of 592698?
2, 3, 173, 571
List the prime factors of 3768637.
29, 129953
List the prime factors of 2159344.
2, 11, 12269
List the prime factors of 4586937.
3, 1528979
List the prime factors of 2283115.
5, 456623
What are the prime factors of 7900328?
2, 987541
What are the prime factors of 3705341?
743, 4987
List the prime factors of 392021.
7, 56003
List the prime factors of 1203611.
1203611
What are the prime factors of 3923244?
2, 3, 13, 83, 101
List the prime factors of 12006399.
3, 41, 97613
What are the prime factors of 180109?
233, 773
List the prime factors of 2004257.
1051, 1907
What are the prime factors of 1758885?
3, 5, 117259
What are the prime factors of 4786882?
2, 67, 139, 257
List the prime factors of 7499900.
2, 5, 37, 2027
What are the prime factors of 1984436?
2, 19, 26111
What are the prime factors of 242986?
2, 121493
List the prime factors of 14319596.
2, 107, 33457
What are the prime factors of 1678361?
1678361
What are the prime factors of 3404056?
2, 607, 701
List the prime factors of 577522.
2, 11, 26251
List the prime factors of 406380.
2, 3, 5, 13, 521
List the prime factors of 556611.
3, 11, 101, 167
List the prime factors of 1844359.
11, 107, 1567
List the prime factors of 219186.
2, 3, 11, 41
List the prime factors of 30406065.
3, 5, 29, 69899
List the prime factors of 1685360.
2, 5, 21067
List the prime factors of 5493238.
2, 29, 53, 1787
What are the prime factors of 20887?
20887
What are the prime factors of 373281?
3, 124427
What are the prime factors of 299029?
299029
List the prime factors of 1853070.
2, 3, 5, 19, 3251
What are the prime factors of 219700?
2, 5, 13
List the prime factors of 69204.
2, 3, 73, 79
What are the prime factors of 2075846?
2, 941, 1103
What are the prime factors of 744883?
151, 4933
What are the prime factors of 4363574?
2, 47, 61, 761
List the prime factors of 16169335.
5, 7, 13, 35537
What are the prime factors of 3232423?
3232423
What are the prime factors of 280362?
2, 3, 46727
What are the prime factors of 3672678?
2, 3, 612113
List the prime factors of 7499180.
2, 5, 13, 28843
What are the prime factors of 13267999?
13267999
What are the prime factors of 325781?
325781
What are the prime factors of 75408?
2, 3, 1571
What are the prime factors of 197930?
2, 5, 19793
What are the prime factors of 725426?
2, 13, 27901
What are the prime factors of 1180451?
19, 62129
List the prime factors of 34567997.
1021, 33857
What are the prime factors of 895233?
3, 298411
What are the prime factors of 1550170?
2, 5, 155017
List the prime factors of 14362444.
2, 409, 8779
List the prime factors of 125963.
125963
What are the prime factors of 446665?
5, 157, 569
List the prime factors of 1571421.
3, 31, 61, 277
What are the prime factors of 1853629?
17, 109037
What are the prime factors of 108988?
2, 1